{"id":44,"date":"2013-11-03T00:53:15","date_gmt":"2013-11-02T22:53:15","guid":{"rendered":"http:\/\/www.rufv-altendorf.de\/?page_id=44"},"modified":"2025-06-10T18:37:49","modified_gmt":"2025-06-10T17:37:49","slug":"gebuehrenordnung","status":"publish","type":"page","link":"http:\/\/www.rufv-altendorf.de\/?page_id=44","title":{"rendered":"Geb\u00fchrenordnung"},"content":{"rendered":"<p>Die Geb\u00fchrenordnung ist unter folgendem Link abrufbar.<\/p>\n<p>Mit Beschluss der Generalversammlung vom 28.02.2025 wurde eine Geb\u00fchren\u00e4nderung beschlossen:<\/p>\n\n\n<div class=\"wp-block-file\"><a id=\"wp-block-file--media-73811e9f-e2be-4fa2-90b6-b38470086bc5\" href=\"http:\/\/www.rufv-altendorf.de\/wp-content\/uploads\/2025\/06\/Gebuehrenordnung2025.pdf\" target=\"_blank\" rel=\"noreferrer noopener\"><strong>Geb\u00fchrenordnung2025<\/strong><\/a><\/div>\n\n\n\n<div class=\"wp-block-file\"><a id=\"wp-block-file--media-b601f9aa-6404-4a54-a31e-2bb1ca3473f7\" href=\"http:\/\/www.rufv-altendorf.de\/wp-content\/uploads\/2025\/06\/Nutzungsordnung.pdf\" target=\"_blank\" rel=\"noreferrer noopener\">Nutzungsordnung<\/a><\/div>\n\n\n\n<p><\/p>\n","protected":false},"excerpt":{"rendered":"<p>Die Geb\u00fchrenordnung ist unter folgendem Link abrufbar. Mit Beschluss der Generalversammlung vom 28.02.2025 wurde eine Geb\u00fchren\u00e4nderung beschlossen:<\/p>\n","protected":false},"author":1,"featured_media":0,"parent":36,"menu_order":0,"comment_status":"closed","ping_status":"closed","template":"","meta":{"ngg_post_thumbnail":0,"footnotes":""},"class_list":["post-44","page","type-page","status-publish","hentry"],"yoast_head":"<!-- This site is optimized with the Yoast SEO plugin v26.8 - https:\/\/yoast.com\/product\/yoast-seo-wordpress\/ -->\n<title>Geb\u00fchrenordnung - Reit und Fahrverein Altendorf<\/title>\n<meta name=\"robots\" content=\"index, follow, max-snippet:-1, max-image-preview:large, max-video-preview:-1\" \/>\n<link rel=\"canonical\" href=\"http:\/\/www.rufv-altendorf.de\/?page_id=44\" \/>\n<meta property=\"og:locale\" content=\"de_DE\" \/>\n<meta property=\"og:type\" content=\"article\" \/>\n<meta property=\"og:title\" content=\"Geb\u00fchrenordnung - Reit und Fahrverein Altendorf\" \/>\n<meta property=\"og:description\" content=\"Die Geb\u00fchrenordnung ist unter folgendem Link abrufbar. Mit Beschluss der Generalversammlung vom 28.02.2025 wurde eine Geb\u00fchren\u00e4nderung beschlossen:\" \/>\n<meta property=\"og:url\" content=\"http:\/\/www.rufv-altendorf.de\/?page_id=44\" \/>\n<meta property=\"og:site_name\" content=\"Reit und Fahrverein Altendorf\" \/>\n<meta property=\"article:modified_time\" content=\"2025-06-10T17:37:49+00:00\" \/>\n<meta name=\"twitter:card\" content=\"summary_large_image\" \/>\n<meta name=\"twitter:label1\" content=\"Gesch\u00e4tzte Lesezeit\" \/>\n\t<meta name=\"twitter:data1\" content=\"1\u00a0Minute\" \/>\n<script type=\"application\/ld+json\" class=\"yoast-schema-graph\">{\"@context\":\"https:\/\/schema.org\",\"@graph\":[{\"@type\":\"WebPage\",\"@id\":\"http:\/\/www.rufv-altendorf.de\/?page_id=44\",\"url\":\"http:\/\/www.rufv-altendorf.de\/?page_id=44\",\"name\":\"Geb\u00fchrenordnung - Reit und Fahrverein Altendorf\",\"isPartOf\":{\"@id\":\"http:\/\/www.rufv-altendorf.de\/#website\"},\"datePublished\":\"2013-11-02T22:53:15+00:00\",\"dateModified\":\"2025-06-10T17:37:49+00:00\",\"breadcrumb\":{\"@id\":\"http:\/\/www.rufv-altendorf.de\/?page_id=44#breadcrumb\"},\"inLanguage\":\"de\",\"potentialAction\":[{\"@type\":\"ReadAction\",\"target\":[\"http:\/\/www.rufv-altendorf.de\/?page_id=44\"]}]},{\"@type\":\"BreadcrumbList\",\"@id\":\"http:\/\/www.rufv-altendorf.de\/?page_id=44#breadcrumb\",\"itemListElement\":[{\"@type\":\"ListItem\",\"position\":1,\"name\":\"Startseite\",\"item\":\"http:\/\/www.rufv-altendorf.de\/\"},{\"@type\":\"ListItem\",\"position\":2,\"name\":\"Unser Verein\",\"item\":\"http:\/\/www.rufv-altendorf.de\/?page_id=36\"},{\"@type\":\"ListItem\",\"position\":3,\"name\":\"Geb\u00fchrenordnung\"}]},{\"@type\":\"WebSite\",\"@id\":\"http:\/\/www.rufv-altendorf.de\/#website\",\"url\":\"http:\/\/www.rufv-altendorf.de\/\",\"name\":\"Reit und Fahrverein Altendorf\",\"description\":\"\",\"potentialAction\":[{\"@type\":\"SearchAction\",\"target\":{\"@type\":\"EntryPoint\",\"urlTemplate\":\"http:\/\/www.rufv-altendorf.de\/?s={search_term_string}\"},\"query-input\":{\"@type\":\"PropertyValueSpecification\",\"valueRequired\":true,\"valueName\":\"search_term_string\"}}],\"inLanguage\":\"de\"}]}<\/script>\n<!-- \/ Yoast SEO plugin. -->","yoast_head_json":{"title":"Geb\u00fchrenordnung - Reit und Fahrverein Altendorf","robots":{"index":"index","follow":"follow","max-snippet":"max-snippet:-1","max-image-preview":"max-image-preview:large","max-video-preview":"max-video-preview:-1"},"canonical":"http:\/\/www.rufv-altendorf.de\/?page_id=44","og_locale":"de_DE","og_type":"article","og_title":"Geb\u00fchrenordnung - Reit und Fahrverein Altendorf","og_description":"Die Geb\u00fchrenordnung ist unter folgendem Link abrufbar. Mit Beschluss der Generalversammlung vom 28.02.2025 wurde eine Geb\u00fchren\u00e4nderung beschlossen:","og_url":"http:\/\/www.rufv-altendorf.de\/?page_id=44","og_site_name":"Reit und Fahrverein Altendorf","article_modified_time":"2025-06-10T17:37:49+00:00","twitter_card":"summary_large_image","twitter_misc":{"Gesch\u00e4tzte Lesezeit":"1\u00a0Minute"},"schema":{"@context":"https:\/\/schema.org","@graph":[{"@type":"WebPage","@id":"http:\/\/www.rufv-altendorf.de\/?page_id=44","url":"http:\/\/www.rufv-altendorf.de\/?page_id=44","name":"Geb\u00fchrenordnung - Reit und Fahrverein Altendorf","isPartOf":{"@id":"http:\/\/www.rufv-altendorf.de\/#website"},"datePublished":"2013-11-02T22:53:15+00:00","dateModified":"2025-06-10T17:37:49+00:00","breadcrumb":{"@id":"http:\/\/www.rufv-altendorf.de\/?page_id=44#breadcrumb"},"inLanguage":"de","potentialAction":[{"@type":"ReadAction","target":["http:\/\/www.rufv-altendorf.de\/?page_id=44"]}]},{"@type":"BreadcrumbList","@id":"http:\/\/www.rufv-altendorf.de\/?page_id=44#breadcrumb","itemListElement":[{"@type":"ListItem","position":1,"name":"Startseite","item":"http:\/\/www.rufv-altendorf.de\/"},{"@type":"ListItem","position":2,"name":"Unser Verein","item":"http:\/\/www.rufv-altendorf.de\/?page_id=36"},{"@type":"ListItem","position":3,"name":"Geb\u00fchrenordnung"}]},{"@type":"WebSite","@id":"http:\/\/www.rufv-altendorf.de\/#website","url":"http:\/\/www.rufv-altendorf.de\/","name":"Reit und Fahrverein Altendorf","description":"","potentialAction":[{"@type":"SearchAction","target":{"@type":"EntryPoint","urlTemplate":"http:\/\/www.rufv-altendorf.de\/?s={search_term_string}"},"query-input":{"@type":"PropertyValueSpecification","valueRequired":true,"valueName":"search_term_string"}}],"inLanguage":"de"}]}},"publishpress_future_action":{"enabled":false,"date":"2026-04-24 14:59:59","action":"change-status","newStatus":"draft","terms":[],"taxonomy":"","extraData":[]},"publishpress_future_workflow_manual_trigger":{"enabledWorkflows":[]},"_links":{"self":[{"href":"http:\/\/www.rufv-altendorf.de\/index.php?rest_route=\/wp\/v2\/pages\/44","targetHints":{"allow":["GET"]}}],"collection":[{"href":"http:\/\/www.rufv-altendorf.de\/index.php?rest_route=\/wp\/v2\/pages"}],"about":[{"href":"http:\/\/www.rufv-altendorf.de\/index.php?rest_route=\/wp\/v2\/types\/page"}],"author":[{"embeddable":true,"href":"http:\/\/www.rufv-altendorf.de\/index.php?rest_route=\/wp\/v2\/users\/1"}],"replies":[{"embeddable":true,"href":"http:\/\/www.rufv-altendorf.de\/index.php?rest_route=%2Fwp%2Fv2%2Fcomments&post=44"}],"version-history":[{"count":20,"href":"http:\/\/www.rufv-altendorf.de\/index.php?rest_route=\/wp\/v2\/pages\/44\/revisions"}],"predecessor-version":[{"id":5190,"href":"http:\/\/www.rufv-altendorf.de\/index.php?rest_route=\/wp\/v2\/pages\/44\/revisions\/5190"}],"up":[{"embeddable":true,"href":"http:\/\/www.rufv-altendorf.de\/index.php?rest_route=\/wp\/v2\/pages\/36"}],"wp:attachment":[{"href":"http:\/\/www.rufv-altendorf.de\/index.php?rest_route=%2Fwp%2Fv2%2Fmedia&parent=44"}],"curies":[{"name":"wp","href":"https:\/\/api.w.org\/{rel}","templated":true}]}}